v) be the first derivative of -v**3/3 + 2*v**2 + 35. Calculate s(m).
3
Suppose -3*j - 6 = 3*i, 4*j - 2*i = 3*i + 28. Let c(p) = 2*p**2 + 24*p - 14. Let h be c(-16). Let v(x) = -x + 0*x + h - 112. What is v(j)?
0
Let i = -153 - -138. Let t(y) = 2*y**3 + 29*y**2 - 17*y - 21. Let n be t(i). Let m(u) = -u**2 + 11*u. Give m(n).
18
Let s(m) = -m**2 - m - 1. Let f(j) = j**2 - 2*j - 2. Let c(i) = -f(i) - 2*s(i). Let l be c(-3). Let k(u) be the first derivative of -7*u**3/3 - 2. Give k(l).
-7
Let j(p) = 2*p**2 + 11*p + 5. Let o be j(-5). Let b(w) be the third derivative of -w**4/24 + w**3 - 25*w**2. What is b(o)?
6
Let k be (5 + 1)/((-8)/(-60)). Suppose -4*u - 1 + 6 = -3*z, 5*u = -4*z + k. Let c(x) = 3 + x**2 + 4*x - u*x**2 + 3*x**2 + 0. What is c(-2)?
-9
Let s(j) = -2*j**2 + 24 - 7 + 0*j**2 - 200*j + 234*j + 27. Calculate s(18).
8
Let a(x) = -5*x - 56. Let h be a(-12). Let u(t) = 3*t + 8*t - 4*t + 2*t**2 + h - 3*t**2. Determine u(9).
-14
Let g(l) = -l**3 - l**2 - l + 9. Let d be (-3)/3*1*1. Let i be 0*(4 - (4 - d)). Calculate g(i).
9
Let l(c) = c + 5. Let i(q) = -q**2 + 7*q + 8. Suppose 5*d + 3*n - 37 = 11, 4*n - 40 = -4*d. Let b be i(d). Determine l(b).
-5
Let h(p) be the first derivative of 7*p**2/2 - 7*p + 85. Give h(5).
28
Let d be ((-30)/4 + 0)*(-78)/(-65). Let t(u) be the second derivative of u**5/20 + 5*u**4/6 + 11*u**3/6 + 9*u**2/2 + 17*u. Give t(d).
-9
Suppose -4*q - 2*w + 6 = -16, 0 = 5*q + 3*w - 30. Let n(t) = q - 7 + 1 - 13*t + 11*t. Give n(-2).
1
Let x be (0/(0 - -3))/2. Let s(h) = -176*h + 1 + h**2 + 175*h + x - h**3. Calculate s(2).
-5
Let w(l) = 45*l - 93*l - 1 - 2 + 51*l. Calculate w(2).
3
Let r(q) be the second derivative of q**4/12 - 5*q**3/6 - 5*q**2/2 + 81*q. Determine r(7).
9
Let v(y) = y**3 - 2*y**2 + 8*y + 1. Let p(h) = -2*h**3 + 3*h**2 - 15*h - 2. Let f(r) = 6*p(r) + 11*v(r). Calculate f(-3).
-4
Let p(j) be the first derivative of j - 8/3*j**3 + j**2 - 4. Let z be (1/(-3))/(3/9). Determine p(z).
-9
Suppose -2*h + 21*h + 114 = 0. Let s(t) = -t**2 - 4*t + 3. Calculate s(h).
-9
Let g(w) be the second derivative of w**5/10 - w**3/3 - w**2/2 - 2*w. Suppose -10*a + 9*a = 0. Suppose a = -2*t - 2 - 0. Determine g(t).
-1
Let m be (-108)/72*(40/(-6) - 0). Let l(c) = 7*c + m*c + c**3 - 19*c + 4*c + 4*c**2. Give l(-4).
-8
Let f(q) = -2*q + 6. Let m = -921 + 924. Give f(m).
0
Let f(z) be the first derivative of z**2 - 20*z - 464. Determine f(13).
6
Suppose -5*s + 5*t + 15 = 0, 2*s - s + 5 = -3*t. Let h(p) = -9*p**3. Determine h(s).
-9
Let v(l) = -2*l**2 + 2 - 3*l + l**2 + 2*l - 3*l. Suppose 17*o + 86 = 18. Calculate v(o).
2
Let j(k) = k + 2. Let i(d) = -2*d**2 - 5*d - 2. Let g be i(-3). Suppose 4*q - 22 = 5*z, -z - 17 = -2*q - 3. Let n = g + q. Calculate j(n).
5
Suppose -28 = s - 8*s. Let q = -8 + s. Let y(j) be the second derivative of j**4/12 + 5*j**3/6 - j**2/2 + 8*j. Calculate y(q).
-5
Let o(j) = -4*j - 5. Let i(r) = -2*r**3 - 14*r**2 - 18*r + 10. Let m be i(-6). Let v = -52 + m. Determine o(v).
19
Let u(o) = -o**2 + 4*o + 3. Let n = -614 - -612. Determine u(n).
-9
Suppose 6*o = -4*o + 9*o. Let s(q) = 14*q + 9*q + q**3 - 5*q**2 - 17*q + o*q**3 - 4. Determine s(4).
4
Let i(d) = d**2 - 2*d - 4. Let b(h) = -h**2 + 8*h - 3. Let j be b(4). Let z = j - -15. Let l be z/6*42/49. Determine i(l).
4
Let i(z) = 9*z - 16. Let c(d) = 4*d - 8. Let h(t) = 7*c(t) - 3*i(t). Determine h(7).
-1
Let o(m) be the third derivative of m**4/24 - 2*m**3/3 - 8*m**2. Let h be o(7). Let x(b) = b + 1. Calculate x(h).
4
Suppose 10*x + 70 = 17*x. Let t(h) = h**3 - 9*h**2 - 12*h. What is t(x)?
-20
Let t(s) = 11 + 3*s - 3 - 2*s. Suppose 0 = -13*w + 9*w - 140. Let k = w + 29. Determine t(k).
2
Let o(q) be the second derivative of -11*q**3/6 + 134*q. Calculate o(-1).
11
Let p(k) = k**3 - 2*k**2 - 4*k + 2. Suppose 72 = -23*h + 41*h. Calculate p(h).
18
Suppose 12*z + 13*z + 25 = 0. Let d(n) = -15*n + 1. Calculate d(z).
16
Let d(c) = -c**2 + 33*c - 16. Let h(g) = -g**2 + 29*g - 15. Let y(i) = -6*d(i) + 7*h(i). Calculate y(5).
-9
Let x(a) = -2*a - a + 2*a. Let y = 171 - 108. Let r = -63 + y. What is x(r)?
0
Let k(o) = -o**2 - 8*o + 12. Let p(f) = f**2 + 7*f - 10. Let u(w) = -4*k(w) - 5*p(w). What is u(2)?
-8
Let u = -5 - -1. Let o(w) = w. Let p(d) = 2*d + 5. Let t(j) = -2*j - 6. Let s(q) = -5*p(q) - 4*t(q). Let a(m) = u*s(m) - 9*o(m). What is a(4)?
0
Let l(s) = -s - 4. Let a(b) be the second derivative of -b**5/20 + b**4/2 - 4*b**3/3 - 5*b**2/2 + 5*b. Let g be a(4). What is l(g)?
1
Let t(j) = 3*j - j - j**3 - 4*j**2 - 4*j + 5. Suppose -3 = -2*b + 3. Let d be b/2*24/(-9). What is t(d)?
13
Let h(w) = w**3 - w**2 + w + 1. Let i be h(-1). Let f(l) = -38*l - 28*l + 53*l. What is f(i)?
26
Suppose 19 + 8 = 9*j. Suppose j*p = 2 + 7. Let f(k) = k - 6. Determine f(p).
-3
Let p(g) be the second derivative of -g**4/4 + 5*g. Let i(x) = 18*x**2 - 1. Let y be i(-1). Let f = y - 18. What is p(f)?
-3
Let l(o) = -2*o**2 + 4*o. Suppose -12 = 3*k - 15*k. Suppose -11 = -4*v + k. What is l(v)?
-6
Let b(x) = -7*x**2 + 16*x - 1. Let i(k) be the first derivative of k**3/3 - k**2/2 - k + 4. Let p(a) = b(a) + 6*i(a). What is p(8)?
9
Let t(n) = n - 2. Let y(x) = 5*x**2 + 8*x + 16. Let p be y(-5). Let o = p + -98. Give t(o).
1
Let b(g) = 11*g**2 - 1032*g**3 - 4*g**2 + 1031*g**3. Determine b(7).
0
Suppose 2*q + 4*b = 12, 2*b = -q + 4*q + 6. Let g be 0 - (-1 - 6/2). Let k(j) = 5 + 2 - g - j. What is k(q)?
3
Let o = -35 + 65. Let u = o + -25. Let g(t) = t**3 - 5*t**2 - 2*t + 4. Give g(u).
-6
Let o be 2/14 - (3906/(-49))/9. Let r(f) = f**3 - 9*f**2 - 2*f + 11. Determine r(o).
-7
Suppose -3*f = -2*c, -3*c - 2*f = -2*c - 7. Let a(g) = 0*g**3 + 4*g**2 + 0*g - g**3 + 4 + c*g + 2*g. Calculate a(5).
4
Let d be (-45)/(-18)*2/5. Let t be 0 + (-1)/d + 1. Let n(x) = x - 14. Let b(v) = v - 13. Let w(u) = 4*b(u) - 3*n(u). What is w(t)?
-10
Suppose 0 = -n + 4*k - 1, 5*k + 46 = 55*n - 59*n. Let w(d) = 2*d - 8. Determine w(n).
-26
Let l(s) = -10*s + 10. Let t(c) = -22*c + 21. Let y(h) = -5*l(h) + 2*t(h). Calculate y(6).
28
Let p(s) = -s**3 - 8*s**2 - s - 11. Let l(i) be the second derivative of -1/12*i**4 + 4*i + 0 + 1/3*i**3 - 5/2*i**2. Let w be l(3). Determine p(w).
-3
Let s = 1/393 + 305/262. Let b(f) be the third derivative of 0*f - 1/120*f**6 - 6*f**2 - 1/6*f**4 + 0 - s*f**3 + 7/60*f**5. What is b(6)?
5
Let q be ((-1)/3)/((-1)/45). Let r be q/9 + 2/(-3). Let d = r + 0. Let h(s) = 5*s**3 + s**2 + s - 1. What is h(d)?
6
Let h(f) = f + 2. Let l(p) = -2. Let x(t) = -3*h(t) - 2*l(t). Suppose -q = -5*o - 3*q - 17, -4*o + 4*q = 8. Let k be (1/o)/((-1)/(-9)). Determine x(k).
7
Suppose -3 = -4*l + 5. Suppose l*b - 3 = 5. Let h(w) be the first derivative of w**4/4 - w**3 - w**2 - 3*w + 4. What is h(b)?
5
Let j(g) = -5*g**3 - 4*g**2 - g + 2. Let v(t) = 9*t**3 + 8*t**2 + 2*t - 3. Let x be (-444)/42 + (-6)/14. Let i(s) = x*j(s) - 6*v(s). Calculate i(5).
16
Suppose 0 = 4*q - 12 - 0. Let k(o) = o**2 - 7*o + 6. Let j be k(q). Let s(c) = c**2 + 4*c - 6. Calculate s(j).
6
Suppose 12*u = 10*u - 2. Let l(c) = 10*c**2 - 2*c - 1. What is l(u)?
11
Let p(s) = s**2 - 2*s - 6. Let h be 2/((-4)/3 + 2). Suppose 0*q + q + 13 = 2*g, h*q - 1 = -2*g. Suppose -x - 10 = -g*y, 2*x - 4*y - 1 = -3. Give p(x).
9
Let n(p) = p**3 + 5*p**2 - 9*p + 10. Let j be (-2)/14*0 - 10*2. Let r = 13 + j. Determine n(r).
-25
Let u(f) = f - 2. Suppose 7*b - 2*b = 25. Suppose -3*m = 2*m + b*w - 20, 4*m + 2*w - 12 = 0. Suppose 2*v = 3*g - 4, 0*g = v - g + m. Calculate u(v).
-4
Let m(v) = -v**3 - 2 + 15 - 5 - 2 + 5*v**2. Let g be (-19)/(-4) - 16/(-64). Give m(g).
6
Suppose -k - 2*r = 0, -4*k - 40 = r - 61. Let y(c) = -3*c - 1. Give y(k).
-19
Let s be 2/6*2 + (-448)/42. Let d be (-13)/(-52) - s/(-8). Let t(r) = 52*r. Let c(h) = 3*h. Let w(y) = 48*c(y) - 3*t(y). Determine w(d).
12
Let u(o) be the second derivative of -o**5/20 + 3*o**4/4 - 4*o**3/3 + 9*o**2/2 + o. Suppose 2*s - 21*m + 16*m = 1, -5*m + 7 = -s. Determine u(s).
9
Let i(o) = -2*o + 3 - o - o**2 + 7*o. Let s = -1274 - -1279. What is i(s)?
-2
Let k(u) = -u**2 + 4*u + 3. Let p(q) = 5*q + 4. Let y(j) = -5*k(j) + 4*p(j). Suppose 0 = 4*r + r - 15. Suppose m = r*o - 8 + 1, 5 = 5*m + 5*o. Determine y(m).
6
Let k be 2/(-8) - (-3)/(-4). Let d = 1 + k. Let h(a) = -2 + 3 + d - 5*a**2 - 2*a. Determine h(-2).
-15
Let j(u) 